[INFO] cloning repository https://github.com/Ryan1729/bartog
[INFO] running `Command { std: "git" "-c" "credential.helper=" "-c" "credential.helper=/workspace/cargo-home/bin/git-credential-null" "clone" "--bare" "https://github.com/Ryan1729/bartog" "/workspace/cache/git-repos/https%3A%2F%2Fgithub.com%2FRyan1729%2Fbartog", kill_on_drop: false }`
[INFO] [stderr] Cloning into bare repository '/workspace/cache/git-repos/https%3A%2F%2Fgithub.com%2FRyan1729%2Fbartog'...
[INFO] running `Command { std: "git" "rev-parse" "HEAD", kill_on_drop: false }`
[INFO] [stdout] a033bc5f9f4017e8aa9e978e0d91066b09b75a5e
[INFO] checking Ryan1729/bartog against master#e6e4f7ed1589e03bc2f6c5931c1a72e7947e8682 for beta-170-4
[INFO] running `Command { std: "git" "clone" "/workspace/cache/git-repos/https%3A%2F%2Fgithub.com%2FRyan1729%2Fbartog" "/workspace/builds/worker-6-tc2/source", kill_on_drop: false }`
[INFO] [stderr] Cloning into '/workspace/builds/worker-6-tc2/source'...
[INFO] [stderr] done.
[INFO] validating manifest of git repo https://github.com/Ryan1729/bartog on toolchain e6e4f7ed1589e03bc2f6c5931c1a72e7947e8682
[INFO] running `Command { std: CARGO_HOME="/workspace/cargo-home" RUSTUP_HOME="/workspace/rustup-home" "/workspace/cargo-home/bin/cargo" "+e6e4f7ed1589e03bc2f6c5931c1a72e7947e8682" "metadata" "--manifest-path" "Cargo.toml" "--no-deps", kill_on_drop: false }`
[INFO] removed /workspace/builds/worker-6-tc2/source/.cargo/config.toml
[INFO] started tweaking git repo https://github.com/Ryan1729/bartog
[INFO] finished tweaking git repo https://github.com/Ryan1729/bartog
[INFO] tweaked toml for git repo https://github.com/Ryan1729/bartog written to /workspace/builds/worker-6-tc2/source/Cargo.toml
[INFO] crate git repo https://github.com/Ryan1729/bartog already has a lockfile, it will not be regenerated
[INFO] running `Command { std: CARGO_HOME="/workspace/cargo-home" RUSTUP_HOME="/workspace/rustup-home" "/workspace/cargo-home/bin/cargo" "+e6e4f7ed1589e03bc2f6c5931c1a72e7947e8682" "fetch" "--manifest-path" "Cargo.toml", kill_on_drop: false }`
[INFO] running `Command { std: "docker" "create" "-v" "/var/lib/crater-agent-workspace/builds/worker-6-tc2/target:/opt/rustwide/target:rw,Z" "-v" "/var/lib/crater-agent-workspace/builds/worker-6-tc2/source:/opt/rustwide/workdir:ro,Z" "-v" "/var/lib/crater-agent-workspace/cargo-home:/opt/rustwide/cargo-home:ro,Z" "-v" "/var/lib/crater-agent-workspace/rustup-home:/opt/rustwide/rustup-home:ro,Z" "-e" "SOURCE_DIR=/opt/rustwide/workdir" "-e" "CARGO_TARGET_DIR=/opt/rustwide/target" "-e" "CARGO_HOME=/opt/rustwide/cargo-home" "-e" "RUSTUP_HOME=/opt/rustwide/rustup-home" "-w" "/opt/rustwide/workdir" "-m" "1610612736" "--user" "0:0" "--network" "none" "ghcr.io/rust-lang/crates-build-env/linux@sha256:19e73879b68f455e41552ea35293514db52ea292d993f571636dbffedb77a1ee" "/opt/rustwide/cargo-home/bin/cargo" "+e6e4f7ed1589e03bc2f6c5931c1a72e7947e8682" "metadata" "--no-deps" "--format-version=1", kill_on_drop: false }`
[INFO] [stdout] c4dfedb9edec8e53e34010a18486c65700e723e1c2fc1be85fd1618fa9ad165f
[INFO] running `Command { std: "docker" "start" "-a" "c4dfedb9edec8e53e34010a18486c65700e723e1c2fc1be85fd1618fa9ad165f", kill_on_drop: false }`
[INFO] running `Command { std: "docker" "inspect" "c4dfedb9edec8e53e34010a18486c65700e723e1c2fc1be85fd1618fa9ad165f", kill_on_drop: false }`
[INFO] running `Command { std: "docker" "rm" "-f" "c4dfedb9edec8e53e34010a18486c65700e723e1c2fc1be85fd1618fa9ad165f", kill_on_drop: false }`
[INFO] [stdout] c4dfedb9edec8e53e34010a18486c65700e723e1c2fc1be85fd1618fa9ad165f
[INFO] running `Command { std: "docker" "create" "-v" "/var/lib/crater-agent-workspace/builds/worker-6-tc2/target:/opt/rustwide/target:rw,Z" "-v" "/var/lib/crater-agent-workspace/builds/worker-6-tc2/source:/opt/rustwide/workdir:ro,Z" "-v" "/var/lib/crater-agent-workspace/cargo-home:/opt/rustwide/cargo-home:ro,Z" "-v" "/var/lib/crater-agent-workspace/rustup-home:/opt/rustwide/rustup-home:ro,Z" "-e" "SOURCE_DIR=/opt/rustwide/workdir" "-e" "CARGO_TARGET_DIR=/opt/rustwide/target" "-e" "CARGO_INCREMENTAL=0" "-e" "RUST_BACKTRACE=full" "-e" "RUSTFLAGS=--cap-lints=forbid" "-e" "RUSTDOCFLAGS=--cap-lints=forbid" "-e" "CARGO_HOME=/opt/rustwide/cargo-home" "-e" "RUSTUP_HOME=/opt/rustwide/rustup-home" "-w" "/opt/rustwide/workdir" "-m" "1610612736" "--user" "0:0" "--network" "none" "ghcr.io/rust-lang/crates-build-env/linux@sha256:19e73879b68f455e41552ea35293514db52ea292d993f571636dbffedb77a1ee" "/opt/rustwide/cargo-home/bin/cargo" "+e6e4f7ed1589e03bc2f6c5931c1a72e7947e8682" "check" "--frozen" "--all" "--all-targets" "--message-format=json", kill_on_drop: false }`
[INFO] [stdout] 9def2628740cbc86a60d59cd9958fb39a526843629508ad033a50bbd976b87d5
[INFO] running `Command { std: "docker" "start" "-a" "9def2628740cbc86a60d59cd9958fb39a526843629508ad033a50bbd976b87d5", kill_on_drop: false }`
[INFO] [stderr]     Checking cfg-if v1.0.0
[INFO] [stderr]    Compiling libc v0.2.126
[INFO] [stderr]     Checking bitflags v1.3.2
[INFO] [stderr]     Checking lazy_static v1.4.0
[INFO] [stderr]    Compiling syn v1.0.98
[INFO] [stderr]    Compiling pkg-config v0.3.25
[INFO] [stderr]    Compiling memchr v2.5.0
[INFO] [stderr]     Checking screen v0.1.0 (/opt/rustwide/workdir/libs/screen)
[INFO] [stderr]     Checking xs v0.1.0 (/opt/rustwide/workdir/libs/xs)
[INFO] [stderr]     Checking once_cell v1.13.0
[INFO] [stderr]     Checking scopeguard v1.1.0
[INFO] [stderr]    Compiling log v0.4.17
[INFO] [stderr]    Compiling memoffset v0.6.5
[INFO] [stderr]     Checking byteorder v1.4.3
[INFO] [stderr]     Checking smallvec v1.9.0
[INFO] [stderr]    Compiling xml-rs v0.8.4
[INFO] [stderr]     Checking leb128 v0.2.5
[INFO] [stderr]     Checking platform_types v0.1.0 (/opt/rustwide/workdir/libs/platform_types)
[INFO] [stderr]     Checking libloading v0.7.3
[INFO] [stderr]    Compiling anyhow v1.0.58
[INFO] [stderr]    Compiling unicode-segmentation v1.9.0
[INFO] [stderr]    Compiling serde v1.0.140
[INFO] [stderr]     Checking downcast-rs v1.2.0
[INFO] [stderr]     Checking scoped-tls v1.0.0
[INFO] [stderr]     Checking dlib v0.5.0
[INFO] [stderr]    Compiling parking_lot_core v0.8.5
[INFO] [stderr]     Checking features v0.1.0 (/opt/rustwide/workdir/libs/features)
[INFO] [stderr]    Compiling lock_api v0.4.7
[INFO] [stderr]     Checking instant v0.1.12
[INFO] [stderr]     Checking wasmparser v0.77.0
[INFO] [stderr]     Checking id-arena v2.2.1
[INFO] [stderr]     Checking inner_common v0.1.0 (/opt/rustwide/workdir/libs/inner_common)
[INFO] [stderr]    Compiling semver v1.0.12
[INFO] [stderr]     Checking minimal-lexical v0.2.1
[INFO] [stderr]     Checking remove_dir_all v0.5.3
[INFO] [stderr]    Compiling crossbeam-utils v0.8.10
[INFO] [stderr]     Checking fastrand v1.7.0
[INFO] [stderr]     Checking ryu v1.0.10
[INFO] [stderr]     Checking card_flags v0.1.0 (/opt/rustwide/workdir/libs/card_flags)
[INFO] [stderr]    Compiling serde_json v1.0.82
[INFO] [stderr]    Compiling crossbeam-epoch v0.9.9
[INFO] [stderr]     Checking quick-error v1.2.3
[INFO] [stderr]     Checking regex-syntax v0.6.27
[INFO] [stderr]     Checking tinyvec_macros v0.1.0
[INFO] [stderr]     Checking itoa v1.0.2
[INFO] [stderr]    Compiling cpal v0.13.5
[INFO] [stderr]     Checking cty v0.2.2
[INFO] [stderr]    Compiling heck v0.3.3
[INFO] [stderr]    Compiling wayland-scanner v0.29.4
[INFO] [stderr]    Compiling wayland-sys v0.29.4
[INFO] [stderr]    Compiling alsa-sys v0.3.1
[INFO] [stderr]    Compiling x11-dl v2.19.1
[INFO] [stderr]    Compiling smithay-client-toolkit v0.15.4
[INFO] [stderr]     Checking wit-schema-version v0.1.0
[INFO] [stderr]     Checking nom v7.1.1
[INFO] [stderr]     Checking aho-corasick v0.7.18
[INFO] [stderr]     Checking raw-window-handle v0.4.3
[INFO] [stderr]     Checking humantime v1.3.0
[INFO] [stderr]    Compiling rustc_version v0.4.0
[INFO] [stderr]     Checking tinyvec v1.6.0
[INFO] [stderr]     Checking ogg v0.8.0
[INFO] [stderr]    Compiling rayon-core v1.9.3
[INFO] [stderr]    Compiling winit v0.26.1
[INFO] [stderr]     Checking termcolor v1.1.3
[INFO] [stderr]     Checking common v0.1.0 (/opt/rustwide/workdir/libs/common)
[INFO] [stderr]     Checking percent-encoding v2.1.0
[INFO] [stderr]     Checking game_state v0.1.0 (/opt/rustwide/workdir/libs/game_state)
[INFO] [stderr]     Checking rand_core v0.4.2
[INFO] [stderr]    Compiling cast v0.2.7
[INFO] [stderr]     Checking either v1.7.0
[INFO] [stderr]     Checking crossbeam-deque v0.8.1
[INFO] [stderr]     Checking crossbeam-channel v0.5.5
[INFO] [stderr]     Checking wit-writer v0.2.0
[INFO] [stderr]     Checking wit-parser v0.2.0
[INFO] [stderr]     Checking render v0.1.0 (/opt/rustwide/workdir/libs/render)
[INFO] [stderr]    Compiling rayon v1.5.3
[INFO] [stderr]    Compiling num-traits v0.2.15
[INFO] [stderr]     Checking spin_sleep v1.1.1
[INFO] [stderr]     Checking choices v0.1.0 (/opt/rustwide/workdir/libs/choices)
[INFO] [stderr]     Checking rule_changes v0.1.0 (/opt/rustwide/workdir/libs/rule_changes)
[INFO] [stderr]     Checking unicode-width v0.1.9
[INFO] [stderr]    Compiling serde_derive v1.0.140
[INFO] [stderr]    Compiling wasm-bindgen-shared v0.2.82
[INFO] [stderr]     Checking animations v0.1.0 (/opt/rustwide/workdir/libs/animations)
[INFO] [stderr]     Checking regex-automata v0.1.10
[INFO] [stderr]     Checking textwrap v0.11.0
[INFO] [stderr]     Checking itertools v0.8.2
[INFO] [stderr]     Checking rand_core v0.3.1
[INFO] [stderr]     Checking csv-core v0.1.10
[INFO] [stderr]     Checking wast v21.0.0
[INFO] [stderr]     Checking itoa v0.4.8
[INFO] [stderr]     Checking nix v0.22.3
[INFO] [stderr]     Checking tempfile v3.3.0
[INFO] [stderr]     Checking atty v0.2.14
[INFO] [stderr]     Checking nix v0.23.1
[INFO] [stderr]     Checking memmap2 v0.3.1
[INFO] [stderr]     Checking lewton v0.10.2
[INFO] [stderr]     Checking mio v0.8.4
[INFO] [stderr]    Compiling wayland-client v0.29.4
[INFO] [stderr]    Compiling wayland-protocols v0.29.4
[INFO] [stderr]     Checking parking_lot v0.11.2
[INFO] [stderr]     Checking rand v0.4.6
[INFO] [stderr]     Checking num_cpus v1.13.1
[INFO] [stderr]     Checking same-file v1.0.6
[INFO] [stderr]     Checking safemem v0.3.3
[INFO] [stderr]     Checking wasmparser v0.59.0
[INFO] [stderr]     Checking base64 v0.9.3
[INFO] [stderr]     Checking criterion-plot v0.3.1
[INFO] [stderr]     Checking walkdir v2.3.2
[INFO] [stderr]     Checking xcursor v0.3.4
[INFO] [stderr]     Checking rand_os v0.1.3
[INFO] [stderr]     Checking clap v2.34.0
[INFO] [stderr]     Checking rand_xoshiro v0.1.0
[INFO] [stderr]     Checking game v0.1.0 (/opt/rustwide/workdir/libs/game)
[INFO] [stderr]     Checking rustc-demangle v0.1.21
[INFO] [stderr]     Checking devserver_lib v0.4.1
[INFO] [stderr]     Checking regex v1.6.0
[INFO] [stderr]     Checking pico-args v0.5.0
[INFO] [stderr]     Checking wit-validator v0.2.1
[INFO] [stderr]     Checking bstr v0.2.17
[INFO] [stderr]     Checking env_logger v0.5.13
[INFO] [stderr]     Checking csv v1.1.6
[INFO] [stderr]     Checking quickcheck v0.6.2
[INFO] [stderr]     Checking tinytemplate v1.2.1
[INFO] [stdout] error[E0782]: trait objects must include the `dyn` keyword
[INFO] [stdout]     --> libs/card_flags/src/card_flags.rs:3198:33
[INFO] [stdout]      |
[INFO] [stdout] 3198 |         fn shrink(&self) -> Box<Iterator<Item = Self>> {
[INFO] [stdout]      |                                 ^^^^^^^^^^^^^^^^^^^^^
[INFO] [stdout]      |
[INFO] [stdout] help: add `dyn` keyword before this trait
[INFO] [stdout]      |
[INFO] [stdout] 3198 |         fn shrink(&self) -> Box<dyn Iterator<Item = Self>> {
[INFO] [stdout]      |                                 +++
[INFO] [stdout] 
[INFO] [stdout] 
[INFO] [stdout] error[E0782]: trait objects must include the `dyn` keyword
[INFO] [stdout]     --> libs/card_flags/src/card_flags.rs:3258:33
[INFO] [stdout]      |
[INFO] [stdout] 3258 |         fn shrink(&self) -> Box<Iterator<Item = Self>> {
[INFO] [stdout]      |                                 ^^^^^^^^^^^^^^^^^^^^^
[INFO] [stdout]      |
[INFO] [stdout] help: add `dyn` keyword before this trait
[INFO] [stdout]      |
[INFO] [stdout] 3258 |         fn shrink(&self) -> Box<dyn Iterator<Item = Self>> {
[INFO] [stdout]      |                                 +++
[INFO] [stdout] 
[INFO] [stdout] 
[INFO] [stdout] error[E0782]: trait objects must include the `dyn` keyword
[INFO] [stdout]     --> libs/card_flags/src/card_flags.rs:3265:43
[INFO] [stdout]      |
[INFO] [stdout] 3265 |                 pub fn new(x: u64) -> Box<Iterator<Item = Special<u64>>> {
[INFO] [stdout]      |                                           ^^^^^^^^^^^^^^^^^^^^^^^^^^^^^
[INFO] [stdout]      |
[INFO] [stdout] help: add `dyn` keyword before this trait
[INFO] [stdout]      |
[INFO] [stdout] 3265 |                 pub fn new(x: u64) -> Box<dyn Iterator<Item = Special<u64>>> {
[INFO] [stdout]      |                                           +++
[INFO] [stdout] 
[INFO] [stdout] 
[INFO] [stdout] error[E0782]: trait objects must include the `dyn` keyword
[INFO] [stdout]     --> libs/card_flags/src/card_flags.rs:3316:33
[INFO] [stdout]      |
[INFO] [stdout] 3316 |         fn shrink(&self) -> Box<Iterator<Item = Self>> {
[INFO] [stdout]      |                                 ^^^^^^^^^^^^^^^^^^^^^
[INFO] [stdout]      |
[INFO] [stdout] help: add `dyn` keyword before this trait
[INFO] [stdout]      |
[INFO] [stdout] 3316 |         fn shrink(&self) -> Box<dyn Iterator<Item = Self>> {
[INFO] [stdout]      |                                 +++
[INFO] [stdout] 
[INFO] [stdout] 
[INFO] [stdout] error[E0782]: trait objects must include the `dyn` keyword
[INFO] [stdout]     --> libs/card_flags/src/card_flags.rs:3385:33
[INFO] [stdout]      |
[INFO] [stdout] 3385 |         fn shrink(&self) -> Box<Iterator<Item = Self>> {
[INFO] [stdout]      |                                 ^^^^^^^^^^^^^^^^^^^^^
[INFO] [stdout]      |
[INFO] [stdout] help: add `dyn` keyword before this trait
[INFO] [stdout]      |
[INFO] [stdout] 3385 |         fn shrink(&self) -> Box<dyn Iterator<Item = Self>> {
[INFO] [stdout]      |                                 +++
[INFO] [stdout] 
[INFO] [stdout] 
[INFO] [stdout] error: aborting due to 5 previous errors
[INFO] [stdout] 
[INFO] [stdout] 
[INFO] [stdout] For more information about this error, try `rustc --explain E0782`.
[INFO] [stdout] 
[INFO] [stderr] error: could not compile `card_flags` (lib test) due to 6 previous errors
[INFO] [stderr] warning: build failed, waiting for other jobs to finish...
[INFO] running `Command { std: "docker" "inspect" "9def2628740cbc86a60d59cd9958fb39a526843629508ad033a50bbd976b87d5", kill_on_drop: false }`
[INFO] running `Command { std: "docker" "rm" "-f" "9def2628740cbc86a60d59cd9958fb39a526843629508ad033a50bbd976b87d5", kill_on_drop: false }`
[INFO] [stdout] 9def2628740cbc86a60d59cd9958fb39a526843629508ad033a50bbd976b87d5
